**2 - 15*t + 14. Let l be (2/6)/(-7 + (-2345)/(-180) + -6). Determine w(l).
-22
Let d = 9527 + -9531. Let p(q) = q**3 + 7*q**2 + 10*q + 3. What is p(d)?
11
Let b(m) = 6*m**3 - 2*m**2 + m. Let l = 48 - 51. Let s be (1 + (-3 - l))*1. Suppose 3*n = 4*n - s. Determine b(n).
5
Let y be (-14)/(-2) + -6 + 6. Suppose -1 - y = 4*v. Let s(q) = 913*q**3 - 912*q**3 - 6*q + 0*q - 3 - 2*q**2 + q**2 + 3*q. Give s(v).
-9
Let u(x) = 2404907*x - 2 - 1202458*x - 1202463*x. Let t = -1 + 3. Determine u(t).
-30
Let w(t) be the second derivative of t**5/20 + 3*t**4/4 + t**3/3 + 4*t**2 + 9985*t. Let r be -11 + (4/2 - 0). Give w(r).
-10
Let n(q) = q**2 - 2*q - 1. Let o(s) = s**3 + 12*s**2 + 11*s + 44. Let w be o(-10). Let m = w - 137. What is n(m)?
14
Let z be 760/40 + (-55)/5. Let h(r) = 10*r - 31. Calculate h(z).
49
Suppose 2*t - 3*t = 3*l - 8, 2*t + 3*l = 16. Let f be (-15)/(-4) + 2/t. Suppose 3*m - 2 = f, 26 = 2*p + 5*m. Let r(u) = u**3 - 9*u**2 + 8*u + 6. Determine r(p).
6
Let j = -109 + 112. Let h(i) = -18*i + 41*i + j - 22*i. Give h(2).
5
Let h(j) be the first derivative of -2/3*j**3 - 148 + 3/2*j**2 + j. Determine h(-2).
-13
Let u = 755 - 776. Let w(t) = -t**3 - 18*t**2 + 65*t + 47. Let x be w(u). Let j(l) = -5*l + 11. Calculate j(x).
-14
Let k(b) = -b**2 + 9*b - 1. Suppose -w - 8 = t - 4, 4*t = 4*w + 24. Let x(g) = -g - 1. Let o(p) = t*k(p) + 5*x(p). Give o(6).
-18
Let h(a) = a**2 - 13*a - 11. Let o(x) = -8*x - 2 - 5 + 2 + 2*x. Let w(k) = -6*h(k) + 13*o(k). Let g(i) = i**3 + 3*i**2 + 1. Let l be g(-3). Give w(l).
-5
Let n(j) be the first derivative of -7*j**2 - 36*j + 822. Give n(-2).
-8
Let a(v) = -v**2 + 2*v - 2. Let p = -1028 + 1031. Determine a(p).
-5
Let n(z) = -6*z - 3. Let o be ((-2)/16)/(9/(-132)*(-2)/(-12)). Determine n(o).
-69
Suppose -3*r - 1 = -181. Let p = r - 87. Let i = p - -35. Let j(l) = -l + 3. Calculate j(i).
-5
Let p be 5/(-8)*4*1*-2. Let q(h) be the second derivative of -h**3/6 + h**2/2 - 114*h - 1. Calculate q(p).
-4
Suppose -t - 24*p + 28*p - 1 = 0, -4*t = -2*p + 4. Let n(l) = -4*l - 6*l**2 + 3*l + 1 - 2. Calculate n(t).
-6
Let m be -5 + (-13)/(-2) + (-28)/8. Let q(p) be the second derivative of p**3/2 + p**2/2 + 2*p. What is q(m)?
-5
Suppose 45 = -3*a + 5*s, -8*a = -5*a + 4*s - 9. Let c(m) = 4*m**2 + 5*m - 7. What is c(a)?
68
Let h(t) = -7*t + 1 + 36*t - 18*t - 5*t - 7*t. Let o(p) = -5*p + 1. Let f be o(1). What is h(f)?
5
Let h(s) = -s - 2. Let a(y) be the third derivative of y**6/120 - y**5/10 - 5*y**4/8 + 19*y**3/6 - 44*y**2. Let j be a(8). Suppose -20*q + 49 = -j*q. Give h(q).
5
Let v(q) = -2*q - 1. Let a(c) = -2*c. Let f(t) = 3*a(t) - 2*v(t). Suppose 3*p = -5*y + 231 + 189, -4*p + 425 = 5*y. Suppose y*g - 30 = 96*g. Calculate f(g).
6
Let i(h) = -h**2 + 12*h + 9. Let d be i(12). Let j be (-34 - -7)/d + 4. Let c(g) be the first derivative of 5*g**3/3 + g**2 - g + 2. Calculate c(j).
6
Let g(a) = a**2 - 5*a - 7. Let b = 14 - 12. Suppose -2*i - b*i = -36. Suppose -2*h - 3*c + i = -2*c, -5 = 5*c. Give g(h).
-7
Let t = -216 + 218. Let g(y) = -2 + 3*y + 32*y**2 + 27*y**t - 91*y**2 + 31*y**2. Determine g(4).
-6
Let c(o) be the second derivative of -o**5/20 + 5*o**4/6 - o**3/6 + o**2 + 2*o + 4. Give c(9).
74
Let a(i) be the third derivative of -i**8/20160 + i**7/5040 - i**6/360 + 149*i**5/60 - i**2 + 8. Let u(q) be the third derivative of a(q). Calculate u(0).
-2
Let p(w) = 20*w - 11. Suppose 5*t + 7 + 3 = -5*r, -5*t = -r - 8. Let m(n) = -2*n + 2. Let i(f) = t*p(f) + 4*m(f). What is i(2)?
21
Let s = -387 - -387. Suppose 5*u - 3*r + 59 = s, 0 = 5*u + 2*r - r + 47. Let g(d) = -2*d - 7. Calculate g(u).
13
Let k(l) be the first derivative of l**3/3 + 11*l**2/2 + l - 70. Let g(b) = b - 5. Let m be g(-6). What is k(m)?
1
Let t(d) = 14*d**2 + 22*d**3 + d + 9*d**3 - 32*d**3 - 14. Let i(z) = -7*z**3 + 56*z**2 + 4*z - 18. Let q be i(8). What is t(q)?
0
Let j(u) be the first derivative of -u**3/3 + u**2 - 19*u + 942. Calculate j(0).
-19
Let m(y) = y**3 - 1. Let t(c) be the third derivative of -7*c**6/120 - c**5/15 - 5*c**4/24 + c**3/2 - 75*c**2. Let l(w) = 6*m(w) + t(w). Determine l(-3).
3
Let n(k) = -63 + 249 - 57 - 59 - k - 63. Let p = 19 - 26. Determine n(p).
14
Let j(r) = -2*r**3 + 14*r**2 + 2*r - 2. Let v(b) = 35*b + 77. Let o be v(-2). Determine j(o).
12
Let v(h) be the first derivative of -4*h**2 + 151*h - 3009. What is v(19)?
-1
Let v(o) be the first derivative of o**3/3 - 10*o**2 - o + 943. Calculate v(20).
-1
Let s = 2 + 1. Let f be 7017/((-15)/10 + 3). Let y(j) = -4679 + f + 4*j - 3*j. Calculate y(s).
2
Let y(q) = -37*q**2 + 5*q + 0 + 33*q**2 + 1 + 5*q**2. What is y(-12)?
85
Let v(t) be the second derivative of -1/2*t**2 - 2 - 1/12*t**4 + 4/3*t**3 - 11*t. Determine v(7).
6
Let m(v) be the second derivative of -1/3*v**3 - 23*v - 1/2*v**4 - 2 - 1/20*v**5 - 3*v**2. Determine m(-5).
-21
Let u(m) be the second derivative of -m**4/6 - 2*m**3/3 + 11*m**2/2 - 2*m - 149. What is u(-7)?
-59
Let q(m) be the third derivative of -1/6*m**3 + 1/12*m**4 + 0*m + 0 + 2*m**2. Suppose -4*n = -3 - 1. Give q(n).
1
Let y = -4926 + 4933. Let u(i) = i + 1. Determine u(y).
8
Let j(s) = -5*s**3 + 2*s**2 - s. Suppose 0 = n + n + 5*y - 188, -4*n + y = -332. Suppose 71*i = n*i - 13. What is j(i)?
-4
Let b(f) be the first derivative of -f**4/6 - 7*f**3/3 - 2*f**2 - 66*f + 30. Let m(i) be the first derivative of b(i). Give m(-7).
-4
Let j(m) = -m**3 + m**2 + 4*m - 3. Suppose 15*t - 20*t = 0. Suppose t = 5*p + 412 - 422. Give j(p).
1
Let w(i) = -4*i**2 + 60*i + 20. Let c(r) = -5*r**2 + 87*r + 21. Let t(v) = 3*c(v) - 4*w(v). Give t(-15).
-107
Let q(v) = -v + 2*v**2 + v**3 - 4*v + 1 + 2*v**2. Let p be q(-5). Let w(r) = -5302*r**2 + 5308*r**2 - 1 + 11*r - 10*r. Give w(p).
6
Let c be (-45)/(-10)*(-8)/(-12). Let u = 2 + c. Let a(i) = 2*i**2 - 4*i + 7. Calculate a(u).
37
Let y(j) = 1264*j**3 + 1246*j**3 - 7*j + 5*j**2 - 2509*j**3 + 2. Give y(-6).
8
Let p(x) = -12*x + 8 + x**2 - 17*x + 20*x. Let a(i) = -i**2 + 4*i + 3. Let n be a(4). Suppose -4*k = -n*z - 21, -6*z - 19 = -4*k - z. What is p(k)?
-10
Let h(y) be the third derivative of -5*y**4/24 + 59*y**3/6 + 64*y**2 + 7*y. Determine h(14).
-11
Let c(k) be the first derivative of k**6/60 + k**5/6 - k**4/12 - 7*k**3/6 - 51*k**2/2 - 71. Let p(d) be the second derivative of c(d). Determine p(-5).
3
Let g(q) = -q - 5. Let d = 2661 + -2673. Determine g(d).
7
Let y(m) = 144*m - 435*m + 65 + 144*m + 134*m. What is y(7)?
-26
Suppose -604*r = -620*r + 64. Let k(w) = -w**2 + w - 3. Calculate k(r).
-15
Suppose -7*d = -26 + 5. Let o(a) = -a**3 - 8*a**2 + 12*a**2 + 3 + 4 - 4*a. Let c be o(d). Let n(b) = -2*b + 3. Calculate n(c).
-5
Let q(x) = 5714215 + 4*x**2 - 5714217 - 3*x**2 + 6*x. Give q(-6).
-2
Suppose 2 = 4*u + 14. Let a(v) be the first derivative of -v**2/2 - v - 179. Determine a(u).
2
Let l(z) = z**3 + 8*z**2 + 6*z - 3. Let r be -1*2/6 + 440/132. Suppose -2*m - 15 = -a, 2*a = r*m + 9 + 14. What is l(m)?
4
Let b(o) be the second derivative of -o**4/12 + 5*o**3/2 - 29*o**2/2 + o. Let w be 1*3 - (6 + -2 + -14). Let s be b(w). Let h(k) = k**2 + k - 3. Give h(s).
3
Let w(r) = -2*r - 73. Let m(q) = -4*q - 132. Let u(y) = 6*m(y) - 11*w(y). Give u(4).
3
Suppose -28 = 2806*b - 2810*b, 4*y - 3*b = -13. Let l(t) = -1 - t + 2*t + 5*t. Calculate l(y).
11
Let s(o) = o**3 + 8*o**2 + 9*o + 6. Let x(z) = -10*z + 313. Let p be x(31). Let n(y) = y - 10. Let l be n(6). Let k = l - p. Give s(k).
-8
Let g(q) = 3*q**3 + q**2 + 23*q + 25. Let i(y) = -y**3 - 7*y - 8. Let k(z) = -4*g(z) - 13*i(z). Let t = -3 - -6. What is k(t)?
-8
Let g(s) = s**3 + 25*s**2 - 23*s + 86. Let r = -9851 - -9825. Calculate g(r).
8
Suppose 4*b - 3 = 4*f + 3*b, 2*f - 4*b = -12. Suppose f = j - 3*u + 28, 0 = 5*j - 3*j + 2*u + 16. Let v(i) = i**2 + 13*i. Give v(j).
0
Let t(s) = -46 - 44 + s + 101. What is t(19)?
30
Let b(q) = 9*q - 208. Let c be b(23). Let i(z) be the first derivative of 1 - 1/2*z**2 + 0*z - 10/3*z**3. Determine i(c).
-9
Suppose -3 = 6*l - 15. Let y(d) = 41*d - 19*d - 23*d - 4 + l. What is y(-6)?
4
Let d(n) = -11*n**2 - 64*n - 115. Let q(j) = 7*j**2 + 43*j + 77. Let o(l) = 5*d(l) + 8*q(l). Let r be o(-22). Let k(u) = -u**2 - 6*u - 7. Determine k(r).
2
Let k(w) = -3*w**3 - 20*w**2 + 7*w - 5. Suppose -9*n - 2*n + 14 = -13*n. Determine k(n).
-5
Let a(u) = u. Let x(y) 